{"id":13659,"date":"2021-02-13T17:03:49","date_gmt":"2021-02-13T16:03:49","guid":{"rendered":"https:\/\/caputovis.nl\/galerie\/object\/madonna-im-flieder\/"},"modified":"2025-01-16T20:30:39","modified_gmt":"2025-01-16T19:30:39","slug":"madonna-im-flieder","status":"publish","type":"product","link":"https:\/\/www.caputovis.nl\/galerie\/object\/madonna-im-flieder\/","title":{"rendered":"Madonna im Flieder"},"content":{"rendered":"<p>Waarom Ludwig Hesshaimer destijds zo besluiteloos was waar het zijn keuze betrof tussen \u00f3f het leger \u00f3f het kunstenaarschap is ons ten ene male onduidelijk. Deze ets alleen al wijst op \u00e8n kwaliteit \u00e8n geestelijk \/ religieuze bevlogenheid. Dus de vraag waarom hij uiteindelijk toch koos voor het leger valt nauwelijks te beantwoorden, laat staan te motiveren. Wellicht was de sociale druk uit zijn omgeving doorslaggevend of waren de gebeurtenissen in Sarajewo &#8211; waar hij destijds in 1914 verbleef &#8211; voor hem bepalend om naar de wapenen te grijpen en niet naar de etsnaald of penseel.<\/p>\n","protected":false},"excerpt":{"rendered":"<p>Waarom Ludwig Hesshaimer destijds zo besluiteloos was waar het zijn keuze betrof tussen \u00f3f het leger \u00f3f het kunstenaarschap is ons ten ene male onduidelijk. Deze ets alleen al wijst op \u00e8n kwaliteit \u00e8n geestelijk \/ religieuze bevlogenheid. Dus de vraag waarom hij uiteindelijk toch koos voor het leger valt nauwelijks te beantwoorden, laat staan&hellip;&nbsp;<a href=\"https:\/\/www.caputovis.nl\/galerie\/object\/madonna-im-flieder\/\" class=\"\" rel=\"bookmark\">Lees verder &raquo;<span class=\"screen-reader-text\">Madonna im Flieder<\/span><\/a><\/p>\n","protected":false},"featured_media":16619,"template":"","meta":{"neve_meta_sidebar":"","neve_meta_container":"","neve_meta_enable_content_width":"off","neve_meta_content_width":0,"neve_meta_title_alignment":"","neve_meta_author_avatar":"","neve_post_elements_order":"","neve_meta_disable_header":"","neve_meta_disable_footer":"","neve_meta_disable_title":"","_ti_tpc_template_sync":false,"_ti_tpc_template_id":""},"product_cat":[2733,2736,2734,3258,3221],"product_tag":[],"brands":[{"id":911,"name":"Hesshaimer, Ludwig","slug":"hesshaimer-ludwig"}],"_links":{"self":[{"href":"https:\/\/www.caputovis.nl\/galerie\/wp-json\/wp\/v2\/product\/13659"}],"collection":[{"href":"https:\/\/www.caputovis.nl\/galerie\/wp-json\/wp\/v2\/product"}],"about":[{"href":"https:\/\/www.caputovis.nl\/galerie\/wp-json\/wp\/v2\/types\/product"}],"wp:featuredmedia":[{"embeddable":true,"href":"https:\/\/www.caputovis.nl\/galerie\/wp-json\/wp\/v2\/media\/16619"}],"wp:attachment":[{"href":"https:\/\/www.caputovis.nl\/galerie\/wp-json\/wp\/v2\/media?parent=13659"}],"wp:term":[{"taxonomy":"product_cat","embeddable":true,"href":"https:\/\/www.caputovis.nl\/galerie\/wp-json\/wp\/v2\/product_cat?post=13659"},{"taxonomy":"product_tag","embeddable":true,"href":"https:\/\/www.caputovis.nl\/galerie\/wp-json\/wp\/v2\/product_tag?post=13659"}],"curies":[{"name":"wp","href":"https:\/\/api.w.org\/{rel}","templated":true}]}}

<p>Waarom Ludwig Hesshaimer destijds zo besluiteloos was waar het zijn keuze betrof tussen óf het leger óf het kunstenaarschap is ons ten ene male onduidelijk. Deze ets alleen al wijst op èn kwaliteit èn geestelijk / religieuze bevlogenheid. Dus de vraag waarom hij uiteindelijk toch koos voor het leger valt nauwelijks te beantwoorden, laat staan te motiveren. Wellicht was de sociale druk uit zijn omgeving doorslaggevend of waren de gebeurtenissen in Sarajewo &#8211; waar hij destijds in 1914 verbleef &#8211; voor hem bepalend om naar de wapenen te grijpen en niet naar de etsnaald of penseel.</p>

<p>Waarom Ludwig Hesshaimer destijds zo besluiteloos was waar het zijn keuze betrof tussen óf het leger óf het kunstenaarschap is ons ten ene male onduidelijk. Deze ets alleen al wijst op èn kwaliteit èn geestelijk / religieuze bevlogenheid. Dus de vraag waarom hij uiteindelijk toch koos voor het leger valt nauwelijks te beantwoorden, laat staan&hellip;&nbsp;<a href="https://www.caputovis.nl/galerie/object/madonna-im-flieder/" class="" rel="bookmark">Lees verder &raquo;<span class="screen-reader-text">Madonna im Flieder</span></a></p>
