{"id":13670,"date":"2021-02-13T17:03:54","date_gmt":"2021-02-13T16:03:54","guid":{"rendered":"https:\/\/caputovis.nl\/galerie\/object\/hodiernae-belgica\/"},"modified":"2025-03-18T12:45:21","modified_gmt":"2025-03-18T11:45:21","slug":"hodiernae-belgica","status":"publish","type":"product","link":"https:\/\/www.caputovis.nl\/galerie\/object\/hodiernae-belgica\/","title":{"rendered":"Hodiernae Belgica"},"content":{"rendered":"<p>Een van wellicht \u00e9\u00e9n van de eerste kaarten van de Lage Landen. Gezien de pagina gegevens recht boven is het vermoedelijk \u00f2f een overdruk dan wel uit een zeer oude atlas verwijderde, ge\u00ebtste \/ gegraveerde kaart.<\/p>\n<p>Roestig papier.<\/p>\n","protected":false},"excerpt":{"rendered":"<p>Een van wellicht \u00e9\u00e9n van de eerste kaarten van de Lage Landen. Gezien de pagina gegevens recht boven is het vermoedelijk \u00f2f een overdruk dan wel uit een zeer oude atlas verwijderde, ge\u00ebtste \/ gegraveerde kaart. Roestig papier.<\/p>\n","protected":false},"featured_media":16835,"template":"","meta":{"neve_meta_sidebar":"","neve_meta_container":"","neve_meta_enable_content_width":"off","neve_meta_content_width":0,"neve_meta_title_alignment":"","neve_meta_author_avatar":"","neve_post_elements_order":"","neve_meta_disable_header":"","neve_meta_disable_footer":"","neve_meta_disable_title":"","_ti_tpc_template_sync":false,"_ti_tpc_template_id":""},"product_cat":[2759],"product_tag":[],"brands":[{"id":1457,"name":"onbekend","slug":"onbekend"}],"_links":{"self":[{"href":"https:\/\/www.caputovis.nl\/galerie\/wp-json\/wp\/v2\/product\/13670"}],"collection":[{"href":"https:\/\/www.caputovis.nl\/galerie\/wp-json\/wp\/v2\/product"}],"about":[{"href":"https:\/\/www.caputovis.nl\/galerie\/wp-json\/wp\/v2\/types\/product"}],"wp:featuredmedia":[{"embeddable":true,"href":"https:\/\/www.caputovis.nl\/galerie\/wp-json\/wp\/v2\/media\/16835"}],"wp:attachment":[{"href":"https:\/\/www.caputovis.nl\/galerie\/wp-json\/wp\/v2\/media?parent=13670"}],"wp:term":[{"taxonomy":"product_cat","embeddable":true,"href":"https:\/\/www.caputovis.nl\/galerie\/wp-json\/wp\/v2\/product_cat?post=13670"},{"taxonomy":"product_tag","embeddable":true,"href":"https:\/\/www.caputovis.nl\/galerie\/wp-json\/wp\/v2\/product_tag?post=13670"}],"curies":[{"name":"wp","href":"https:\/\/api.w.org\/{rel}","templated":true}]}}