{"id":20005,"date":"2022-04-30T12:24:33","date_gmt":"2022-04-30T10:24:33","guid":{"rendered":"https:\/\/www.caputovis.nl\/galerie\/object\/nice\/"},"modified":"2025-01-16T10:09:24","modified_gmt":"2025-01-16T09:09:24","slug":"nice","status":"publish","type":"product","link":"https:\/\/www.caputovis.nl\/galerie\/object\/nice\/","title":{"rendered":"Nice"},"content":{"rendered":"<p>Een houtsnede van \u00e9\u00e9n van de vele zo kenmerkende pleintjes in de Zuid-Frans (kust)stad Nice, bijna na\u00efef van karakter en zeker als zodanig niet kenmerkend voor deze begaafde kunstenaar. De houtsnede van Josje van den Berg (uit 1958) maakt in ieder geval duidelijk dat de massa-motorisering nog moet starten in 1958. Vandaag-de-dag bijna om jaloers op te worden en daarom is deze houtsnede in zekere zin dan ook een belangrijk tijddocument. Maar Van den Berg zal eerder de sfeer van zo&#8217;n pleintje hebben willen vastleggen dan een tijdgewricht.<\/p>\n","protected":false},"excerpt":{"rendered":"<p>Een houtsnede van \u00e9\u00e9n van de vele zo kenmerkende pleintjes in de Zuid-Frans (kust)stad Nice, bijna na\u00efef van karakter en zeker als zodanig niet kenmerkend voor deze begaafde kunstenaar. De houtsnede van Josje van den Berg (uit 1958) maakt in ieder geval duidelijk dat de massa-motorisering nog moet starten in 1958. Vandaag-de-dag bijna om jaloers&hellip;&nbsp;<a href=\"https:\/\/www.caputovis.nl\/galerie\/object\/nice\/\" class=\"\" rel=\"bookmark\">Lees verder &raquo;<span class=\"screen-reader-text\">Nice<\/span><\/a><\/p>\n","protected":false},"featured_media":20004,"template":"","meta":{"neve_meta_sidebar":"","neve_meta_container":"","neve_meta_enable_content_width":"off","neve_meta_content_width":70,"neve_meta_title_alignment":"","neve_meta_author_avatar":"","neve_post_elements_order":"","neve_meta_disable_header":"","neve_meta_disable_footer":"","neve_meta_disable_title":"","_ti_tpc_template_sync":false,"_ti_tpc_template_id":""},"product_cat":[2747,2969,2966],"product_tag":[],"brands":[{"id":307,"name":"Berg, Jos(je) van den","slug":"berg-josje-van-den"}],"_links":{"self":[{"href":"https:\/\/www.caputovis.nl\/galerie\/wp-json\/wp\/v2\/product\/20005"}],"collection":[{"href":"https:\/\/www.caputovis.nl\/galerie\/wp-json\/wp\/v2\/product"}],"about":[{"href":"https:\/\/www.caputovis.nl\/galerie\/wp-json\/wp\/v2\/types\/product"}],"wp:featuredmedia":[{"embeddable":true,"href":"https:\/\/www.caputovis.nl\/galerie\/wp-json\/wp\/v2\/media\/20004"}],"wp:attachment":[{"href":"https:\/\/www.caputovis.nl\/galerie\/wp-json\/wp\/v2\/media?parent=20005"}],"wp:term":[{"taxonomy":"product_cat","embeddable":true,"href":"https:\/\/www.caputovis.nl\/galerie\/wp-json\/wp\/v2\/product_cat?post=20005"},{"taxonomy":"product_tag","embeddable":true,"href":"https:\/\/www.caputovis.nl\/galerie\/wp-json\/wp\/v2\/product_tag?post=20005"}],"curies":[{"name":"wp","href":"https:\/\/api.w.org\/{rel}","templated":true}]}}