{"id":21882,"date":"2023-09-01T18:42:20","date_gmt":"2023-09-01T16:42:20","guid":{"rendered":"https:\/\/www.caputovis.nl\/galerie\/?post_type=product&#038;p=21882"},"modified":"2024-03-10T13:21:09","modified_gmt":"2024-03-10T12:21:09","slug":"floris-verster-15-reproducties-op-japans-papier","status":"publish","type":"product","link":"https:\/\/www.caputovis.nl\/galerie\/object\/floris-verster-15-reproducties-op-japans-papier\/","title":{"rendered":"Floris Verster: 15 Reproducties op Japans papier"},"content":{"rendered":"<p><span style=\"color: #ff6600\">Eind 19<sup>de<\/sup> en begin 20<sup>ste<\/sup> eeuw waren vele uitgevers actief op kunstgebied \u2013 vari\u00ebren van het thematische behandelen en uitgeven van kunstpublicaties tot het samenstellen van mappen met reproducties van \u00e9\u00e9n enkele kunstenaar. Onder andere de Utrechtse uitgever W. Scherjon. E\u00e9n van zijn bekendste uitgaven was een map met 15 reproducties op rijstpapier van Floris Verster. Deze map gold als het meest spectaculair overzicht van zijn werk over een periode van 35 jaar.<\/span><\/p>\n<p><span style=\"color: #ff6600\">Het betreffen de volgende werken:<\/span><br \/>\n<span style=\"color: #ff6600\">No. 1 Ezeltje<\/span><br \/>\n<span style=\"color: #ff6600\">No. 2 Anemonen<\/span><br \/>\n<span style=\"color: #ff6600\">No. 3 Geplukte hanen<\/span><br \/>\n<span style=\"color: #ff6600\">No. 4 Rozen<\/span><br \/>\n<span style=\"color: #ff6600\">No. 5 Endegeest<\/span><br \/>\n<span style=\"color: #ff6600\">No. 6 Hooglandsche Kerkgracht<\/span><br \/>\n<span style=\"color: #ff6600\">No. 7 Buurtje te Oegstgeest<\/span><br \/>\n<span style=\"color: #ff6600\">No. 8 Bokkings op tinnen bord<\/span><br \/>\n<span style=\"color: #ff6600\">No. 9 Huisje te Borger<\/span><br \/>\n<span style=\"color: #ff6600\">No. 10 Tinnen kannen<\/span><br \/>\n<span style=\"color: #ff6600\">No. 11 Doode kraaien<\/span><br \/>\n<span style=\"color: #ff6600\">No. 12 Witte pot met scabiosa<\/span><br \/>\n<span style=\"color: #ff6600\">No. 13 Eieren in houten nap<\/span><br \/>\n<span style=\"color: #ff6600\">No. 14 Stilleven met zilveren suikervaasje<\/span><br \/>\n<span style=\"color: #ff6600\">No. 15 Bloemkransje met kristalvaasje<\/span><\/p>\n","protected":false},"excerpt":{"rendered":"<p>Eind 19de en begin 20ste eeuw waren vele uitgevers actief op kunstgebied \u2013 vari\u00ebren van het thematische behandelen en uitgeven van kunstpublicaties tot het samenstellen van mappen met reproducties van \u00e9\u00e9n enkele kunstenaar. Onder andere de Utrechtse uitgever W. Scherjon. E\u00e9n van zijn bekendste uitgaven was een map met 15 reproducties op rijstpapier van Floris&hellip;&nbsp;<a href=\"https:\/\/www.caputovis.nl\/galerie\/object\/floris-verster-15-reproducties-op-japans-papier\/\" class=\"\" rel=\"bookmark\">Lees verder &raquo;<span class=\"screen-reader-text\">Floris Verster: 15 Reproducties op Japans papier<\/span><\/a><\/p>\n","protected":false},"featured_media":21883,"template":"","meta":{"neve_meta_sidebar":"","neve_meta_container":"","neve_meta_enable_content_width":"off","neve_meta_content_width":70,"neve_meta_title_alignment":"","neve_meta_author_avatar":"","neve_post_elements_order":"","neve_meta_disable_header":"","neve_meta_disable_footer":"","neve_meta_disable_title":"","_ti_tpc_template_sync":false,"_ti_tpc_template_id":""},"product_cat":[2755],"product_tag":[],"brands":[{"id":1957,"name":"Verster, Floris","slug":"verster-floris"}],"_links":{"self":[{"href":"https:\/\/www.caputovis.nl\/galerie\/wp-json\/wp\/v2\/product\/21882"}],"collection":[{"href":"https:\/\/www.caputovis.nl\/galerie\/wp-json\/wp\/v2\/product"}],"about":[{"href":"https:\/\/www.caputovis.nl\/galerie\/wp-json\/wp\/v2\/types\/product"}],"wp:featuredmedia":[{"embeddable":true,"href":"https:\/\/www.caputovis.nl\/galerie\/wp-json\/wp\/v2\/media\/21883"}],"wp:attachment":[{"href":"https:\/\/www.caputovis.nl\/galerie\/wp-json\/wp\/v2\/media?parent=21882"}],"wp:term":[{"taxonomy":"product_cat","embeddable":true,"href":"https:\/\/www.caputovis.nl\/galerie\/wp-json\/wp\/v2\/product_cat?post=21882"},{"taxonomy":"product_tag","embeddable":true,"href":"https:\/\/www.caputovis.nl\/galerie\/wp-json\/wp\/v2\/product_tag?post=21882"}],"curies":[{"name":"wp","href":"https:\/\/api.w.org\/{rel}","templated":true}]}}