{"id":22224,"date":"2024-01-13T11:28:17","date_gmt":"2024-01-13T10:28:17","guid":{"rendered":"https:\/\/www.caputovis.nl\/galerie\/object\/winterlandschap-3\/"},"modified":"2024-06-30T16:11:07","modified_gmt":"2024-06-30T14:11:07","slug":"winterlandschap-3","status":"publish","type":"product","link":"https:\/\/www.caputovis.nl\/galerie\/object\/winterlandschap-3\/","title":{"rendered":"Winterlandschap"},"content":{"rendered":"<p>Kees Andr\u00e9a was \u00e9\u00e9n van de weinige pointillisten uit de Hollandse school. Maar er valt zeker ook ander werk van hem te bewonderen en geeft zicht op het veelkleurige kunstenaarshart van Kees Andr\u00e9a: eigenzinnig. Om dit wintergezicht van hem te beschrijven in weinig woorden is onmogelijk. Dit werk beschrijven doet de kijker laveren van Apol naar Schelfhout en van Noltee naar Breitner en weer terug. In ieder geval weet Andr\u00e9a &#8216;winterse koude&#8217; zeer overtuigend op doek vast te leggen.<\/p>\n","protected":false},"excerpt":{"rendered":"<p>Kees Andr\u00e9a was \u00e9\u00e9n van de weinige pointillisten uit de Hollandse school. Maar er valt zeker ook ander werk van hem te bewonderen en geeft zicht op het veelkleurige kunstenaarshart van Kees Andr\u00e9a: eigenzinnig. Om dit wintergezicht van hem te beschrijven in weinig woorden is onmogelijk. Dit werk beschrijven doet de kijker laveren van Apol&hellip;&nbsp;<a href=\"https:\/\/www.caputovis.nl\/galerie\/object\/winterlandschap-3\/\" class=\"\" rel=\"bookmark\">Lees verder &raquo;<span class=\"screen-reader-text\">Winterlandschap<\/span><\/a><\/p>\n","protected":false},"featured_media":22223,"template":"","meta":{"neve_meta_sidebar":"","neve_meta_container":"","neve_meta_enable_content_width":"off","neve_meta_content_width":0,"neve_meta_title_alignment":"","neve_meta_author_avatar":"","neve_post_elements_order":"","neve_meta_disable_header":"","neve_meta_disable_footer":"","neve_meta_disable_title":"","_ti_tpc_template_sync":false,"_ti_tpc_template_id":""},"product_cat":[3256,2969,2762,3257],"product_tag":[],"brands":[{"id":3875,"name":"Andr\u00e9a, Cees","slug":"andreacees"}],"_links":{"self":[{"href":"https:\/\/www.caputovis.nl\/galerie\/wp-json\/wp\/v2\/product\/22224"}],"collection":[{"href":"https:\/\/www.caputovis.nl\/galerie\/wp-json\/wp\/v2\/product"}],"about":[{"href":"https:\/\/www.caputovis.nl\/galerie\/wp-json\/wp\/v2\/types\/product"}],"wp:featuredmedia":[{"embeddable":true,"href":"https:\/\/www.caputovis.nl\/galerie\/wp-json\/wp\/v2\/media\/22223"}],"wp:attachment":[{"href":"https:\/\/www.caputovis.nl\/galerie\/wp-json\/wp\/v2\/media?parent=22224"}],"wp:term":[{"taxonomy":"product_cat","embeddable":true,"href":"https:\/\/www.caputovis.nl\/galerie\/wp-json\/wp\/v2\/product_cat?post=22224"},{"taxonomy":"product_tag","embeddable":true,"href":"https:\/\/www.caputovis.nl\/galerie\/wp-json\/wp\/v2\/product_tag?post=22224"}],"curies":[{"name":"wp","href":"https:\/\/api.w.org\/{rel}","templated":true}]}}