{"id":18242,"date":"2021-07-16T13:09:48","date_gmt":"2021-07-16T11:09:48","guid":{"rendered":"https:\/\/www.caputovis.nl\/kunstkaarten\/object\/kalenderblad-mei-1895\/"},"modified":"2021-12-14T21:42:15","modified_gmt":"2021-12-14T20:42:15","slug":"kalenderblad-mei-1895","status":"publish","type":"product","link":"https:\/\/www.caputovis.nl\/kunstkaarten\/object\/kalenderblad-mei-1895\/","title":{"rendered":"Kalenderblad mei 1895"},"content":{"rendered":"<p>Van meerdere kunstenaars worden voortdurend &#8211; in dit geval van Ferdinand Schuyler Mathews jaren na zijn dood &#8211; kunstwerken verspreid via nadrukken of zoals in dit geval middels ansichtkaarten. Deze werd uitgegeven door Biblioth\u00e8que du Mus\u00e9e des Arts D\u00e9coratiefs, Parijs (zie ook de tweede foto, Nr. 508). Een terecht initiatief, want dit kalenderontwerp is van grote klasse. Het origineel bevindt zich in de Biblioth\u00e8que du Mus\u00e9e des Art D\u00e9coratifs, Parijs.<\/p>\n","protected":false},"excerpt":{"rendered":"<p>Van meerdere kunstenaars worden voortdurend &#8211; in dit geval van Ferdinand Schuyler Mathews jaren na zijn dood &#8211; kunstwerken verspreid via nadrukken of zoals in dit geval middels ansichtkaarten. Deze werd uitgegeven door Biblioth\u00e8que du Mus\u00e9e des Arts D\u00e9coratiefs, Parijs (zie ook de tweede foto, Nr. 508). Een terecht initiatief, want dit kalenderontwerp is van&hellip;&nbsp;<a href=\"https:\/\/www.caputovis.nl\/kunstkaarten\/object\/kalenderblad-mei-1895\/\" class=\"\" rel=\"bookmark\">Lees verder &raquo;<span class=\"screen-reader-text\">Kalenderblad mei 1895<\/span><\/a><\/p>\n","protected":false},"featured_media":20012,"template":"","meta":{"_lmt_disableupdate":"no","_lmt_disable":"no","neve_meta_sidebar":"","neve_meta_container":"","neve_meta_enable_content_width":"off","neve_meta_content_width":70,"neve_meta_title_alignment":"","neve_meta_author_avatar":"","neve_post_elements_order":"","neve_meta_disable_header":"","neve_meta_disable_footer":"","neve_meta_disable_title":"","_ti_tpc_template_sync":false,"_ti_tpc_template_id":""},"pwb-brand":[1722],"product_cat":[3249,7678,3920],"product_tag":[8788,10044],"brands":[{"id":1722,"name":"Schuyler Mathews, Ferdinand","slug":"schuyler-mathews-ferdinand"}],"_links":{"self":[{"href":"https:\/\/www.caputovis.nl\/kunstkaarten\/wp-json\/wp\/v2\/product\/18242"}],"collection":[{"href":"https:\/\/www.caputovis.nl\/kunstkaarten\/wp-json\/wp\/v2\/product"}],"about":[{"href":"https:\/\/www.caputovis.nl\/kunstkaarten\/wp-json\/wp\/v2\/types\/product"}],"wp:featuredmedia":[{"embeddable":true,"href":"https:\/\/www.caputovis.nl\/kunstkaarten\/wp-json\/wp\/v2\/media\/20012"}],"wp:attachment":[{"href":"https:\/\/www.caputovis.nl\/kunstkaarten\/wp-json\/wp\/v2\/media?parent=18242"}],"wp:term":[{"taxonomy":"pwb-brand","embeddable":true,"href":"https:\/\/www.caputovis.nl\/kunstkaarten\/wp-json\/wp\/v2\/pwb-brand?post=18242"},{"taxonomy":"product_cat","embeddable":true,"href":"https:\/\/www.caputovis.nl\/kunstkaarten\/wp-json\/wp\/v2\/product_cat?post=18242"},{"taxonomy":"product_tag","embeddable":true,"href":"https:\/\/www.caputovis.nl\/kunstkaarten\/wp-json\/wp\/v2\/product_tag?post=18242"}],"curies":[{"name":"wp","href":"https:\/\/api.w.org\/{rel}","templated":true}]}}