{"id":18279,"date":"2021-07-16T13:09:52","date_gmt":"2021-07-16T11:09:52","guid":{"rendered":"https:\/\/www.caputovis.nl\/kunstkaarten\/object\/echo-en-narcisse\/"},"modified":"2021-12-16T08:00:29","modified_gmt":"2021-12-16T07:00:29","slug":"echo-en-narcisse","status":"publish","type":"product","link":"https:\/\/www.caputovis.nl\/kunstkaarten\/object\/echo-en-narcisse\/","title":{"rendered":"Echo en Narcisse"},"content":{"rendered":"<p>Van meerdere kunstenaars worden ook na hun dood nog kunstwerken verspreid via nadrukken of zoals in dit geval middels ansichtkaarten. Deze werd uitgegeven door Les \u00c9ditions Nomis, Parijs (zie de tweede foto, Nr. 6113). Een terecht initiatief, want het toenmalige werk van Nicolas Poussin boeide en boeit nog steeds velen. Vooral zijn traditionele manier van schilderen (\u00c9cole Fran\u00e7aise) zal door velen als bekend worden beleefd. Het oorspronkelijke werk zelf bevindt zich in het Mus\u00e9e du Louvre, Parijs.<br \/>\nLater componeerde Christoph Willibards Gluck een opera op basis van dit mythologisch verhaal.<\/p>\n","protected":false},"excerpt":{"rendered":"<p>Van meerdere kunstenaars worden ook na hun dood nog kunstwerken verspreid via nadrukken of zoals in dit geval middels ansichtkaarten. Deze werd uitgegeven door Les \u00c9ditions Nomis, Parijs (zie de tweede foto, Nr. 6113). Een terecht initiatief, want het toenmalige werk van Nicolas Poussin boeide en boeit nog steeds velen. Vooral zijn traditionele manier van&hellip;&nbsp;<a href=\"https:\/\/www.caputovis.nl\/kunstkaarten\/object\/echo-en-narcisse\/\" class=\"\" rel=\"bookmark\">Lees verder &raquo;<span class=\"screen-reader-text\">Echo en Narcisse<\/span><\/a><\/p>\n","protected":false},"featured_media":20082,"template":"","meta":{"_lmt_disableupdate":"no","_lmt_disable":"no","neve_meta_sidebar":"","neve_meta_container":"","neve_meta_enable_content_width":"off","neve_meta_content_width":70,"neve_meta_title_alignment":"","neve_meta_author_avatar":"","neve_post_elements_order":"","neve_meta_disable_header":"","neve_meta_disable_footer":"","neve_meta_disable_title":"","_ti_tpc_template_sync":false,"_ti_tpc_template_id":""},"pwb-brand":[1542],"product_cat":[7678,3920],"product_tag":[8744,8788],"brands":[{"id":1542,"name":"Poussin, Nicolas","slug":"poussin-nicolas"}],"_links":{"self":[{"href":"https:\/\/www.caputovis.nl\/kunstkaarten\/wp-json\/wp\/v2\/product\/18279"}],"collection":[{"href":"https:\/\/www.caputovis.nl\/kunstkaarten\/wp-json\/wp\/v2\/product"}],"about":[{"href":"https:\/\/www.caputovis.nl\/kunstkaarten\/wp-json\/wp\/v2\/types\/product"}],"wp:featuredmedia":[{"embeddable":true,"href":"https:\/\/www.caputovis.nl\/kunstkaarten\/wp-json\/wp\/v2\/media\/20082"}],"wp:attachment":[{"href":"https:\/\/www.caputovis.nl\/kunstkaarten\/wp-json\/wp\/v2\/media?parent=18279"}],"wp:term":[{"taxonomy":"pwb-brand","embeddable":true,"href":"https:\/\/www.caputovis.nl\/kunstkaarten\/wp-json\/wp\/v2\/pwb-brand?post=18279"},{"taxonomy":"product_cat","embeddable":true,"href":"https:\/\/www.caputovis.nl\/kunstkaarten\/wp-json\/wp\/v2\/product_cat?post=18279"},{"taxonomy":"product_tag","embeddable":true,"href":"https:\/\/www.caputovis.nl\/kunstkaarten\/wp-json\/wp\/v2\/product_tag?post=18279"}],"curies":[{"name":"wp","href":"https:\/\/api.w.org\/{rel}","templated":true}]}}