{"id":26461,"date":"2021-12-16T14:43:02","date_gmt":"2021-12-16T13:43:02","guid":{"rendered":"https:\/\/www.caputovis.nl\/kunstkaarten\/?post_type=product&#038;p=26461"},"modified":"2022-08-12T16:05:30","modified_gmt":"2022-08-12T14:05:30","slug":"wallenstein","status":"publish","type":"product","link":"https:\/\/www.caputovis.nl\/kunstkaarten\/object\/wallenstein\/","title":{"rendered":"Wallenstein"},"content":{"rendered":"<p>Deze kaart is gewijd aan Schiller\u2019s dood in 1905 100 jaar geleden en ge\u00efllustreerd met twee kopie\u00ebn (schilderijen) van sc\u00e8nes gebaseerd op de boeken &#8216;Wallenstein&#8217; (Wallenstein is een dramatrilogie van de Duitse schrijver Friederich Schiller. Het bestaat uit de delen <i>Wallensteins Lager<\/i>, <i>Die Piccolomini<\/i> en <i>Wallensteins Tod<\/i>. Schiller noemde het eerste stuk ook wel <i>Wallenstein I<\/i> en het laatste <i>Wallenstein II<\/i>. Het thema van de trilogie, die in 1799 werd voltooid, is de ondergang van de beroemde Boheemse veldheer Albrecht von Wallenstein).<\/p>\n<p>Geen van de schilderijen zijn gekoppeld aan kunstenaars.<\/p>\n<p>Centraal in de kaart werd een (borst)beeld van Schiller gestanst.<\/p>\n","protected":false},"excerpt":{"rendered":"<p>Deze kaart is gewijd aan Schiller\u2019s dood in 1905 100 jaar geleden en ge\u00efllustreerd met twee kopie\u00ebn (schilderijen) van sc\u00e8nes gebaseerd op de boeken &#8216;Wallenstein&#8217; (Wallenstein is een dramatrilogie van de Duitse schrijver Friederich Schiller. Het bestaat uit de delen Wallensteins Lager, Die Piccolomini en Wallensteins Tod. Schiller noemde het eerste stuk ook wel Wallenstein&hellip;&nbsp;<a href=\"https:\/\/www.caputovis.nl\/kunstkaarten\/object\/wallenstein\/\" class=\"\" rel=\"bookmark\">Lees verder &raquo;<span class=\"screen-reader-text\">Wallenstein<\/span><\/a><\/p>\n","protected":false},"featured_media":26462,"template":"","meta":{"_lmt_disableupdate":"no","_lmt_disable":"no","neve_meta_sidebar":"","neve_meta_container":"","neve_meta_enable_content_width":"off","neve_meta_content_width":70,"neve_meta_title_alignment":"","neve_meta_author_avatar":"","neve_post_elements_order":"","neve_meta_disable_header":"","neve_meta_disable_footer":"","neve_meta_disable_title":"","_ti_tpc_template_sync":false,"_ti_tpc_template_id":""},"pwb-brand":[1457],"product_cat":[4002,3920],"product_tag":[8797,8796],"brands":[{"id":1457,"name":"onbekend \/ monogram \/ acroniem","slug":"onbekend-monogram-acroniem"}],"_links":{"self":[{"href":"https:\/\/www.caputovis.nl\/kunstkaarten\/wp-json\/wp\/v2\/product\/26461"}],"collection":[{"href":"https:\/\/www.caputovis.nl\/kunstkaarten\/wp-json\/wp\/v2\/product"}],"about":[{"href":"https:\/\/www.caputovis.nl\/kunstkaarten\/wp-json\/wp\/v2\/types\/product"}],"wp:featuredmedia":[{"embeddable":true,"href":"https:\/\/www.caputovis.nl\/kunstkaarten\/wp-json\/wp\/v2\/media\/26462"}],"wp:attachment":[{"href":"https:\/\/www.caputovis.nl\/kunstkaarten\/wp-json\/wp\/v2\/media?parent=26461"}],"wp:term":[{"taxonomy":"pwb-brand","embeddable":true,"href":"https:\/\/www.caputovis.nl\/kunstkaarten\/wp-json\/wp\/v2\/pwb-brand?post=26461"},{"taxonomy":"product_cat","embeddable":true,"href":"https:\/\/www.caputovis.nl\/kunstkaarten\/wp-json\/wp\/v2\/product_cat?post=26461"},{"taxonomy":"product_tag","embeddable":true,"href":"https:\/\/www.caputovis.nl\/kunstkaarten\/wp-json\/wp\/v2\/product_tag?post=26461"}],"curies":[{"name":"wp","href":"https:\/\/api.w.org\/{rel}","templated":true}]}}