{"id":55713,"date":"2023-08-07T21:40:13","date_gmt":"2023-08-07T19:40:13","guid":{"rendered":"https:\/\/www.caputovis.nl\/kunstkaarten\/?post_type=product&#038;p=55713"},"modified":"2026-04-19T10:52:11","modified_gmt":"2026-04-19T08:52:11","slug":"55713","status":"publish","type":"product","link":"https:\/\/www.caputovis.nl\/kunstkaarten\/object\/55713\/","title":{"rendered":"La Carmencita"},"content":{"rendered":"<p>&nbsp;<\/p>\n<p><span style=\"color: #ff6600\">La Carmencita (Almer\u00eda, Andalusi\u00eb \/ Spanje) kreeg danslessen in Malaga en danste voor het eerst in het Cervantes Theater in Malaga. In Parijs &#8211; tijdens de wereldtentoostelling danste in de Nouveau Cirque. Ze debuteerde in New York in 1889 in het ballet &#8216;Antiope&#8217;. Daarna trad Carmencita op in vele grote steden.In\u00a0 december keerde ze terug naar Europa. Waar zonder andere vaak optrad in het Palace Theatre, Londen en het Th\u00e9\u00e2tre des Nouveaut\u00e9s in Parijs.<\/span><\/p>\n","protected":false},"excerpt":{"rendered":"<p>&nbsp; La Carmencita (Almer\u00eda, Andalusi\u00eb \/ Spanje) kreeg danslessen in Malaga en danste voor het eerst in het Cervantes Theater in Malaga. In Parijs &#8211; tijdens de wereldtentoostelling danste in de Nouveau Cirque. Ze debuteerde in New York in 1889 in het ballet &#8216;Antiope&#8217;. Daarna trad Carmencita op in vele grote steden.In\u00a0 december keerde ze&hellip;&nbsp;<a href=\"https:\/\/www.caputovis.nl\/kunstkaarten\/object\/55713\/\" class=\"\" rel=\"bookmark\">Lees verder &raquo;<span class=\"screen-reader-text\">La Carmencita<\/span><\/a><\/p>\n","protected":false},"featured_media":55714,"template":"","meta":{"_lmt_disableupdate":"no","_lmt_disable":"no","neve_meta_sidebar":"","neve_meta_container":"","neve_meta_enable_content_width":"off","neve_meta_content_width":70,"neve_meta_title_alignment":"","neve_meta_author_avatar":"","neve_post_elements_order":"","neve_meta_disable_header":"","neve_meta_disable_footer":"","neve_meta_disable_title":"","_ti_tpc_template_sync":false,"_ti_tpc_template_id":""},"pwb-brand":[13716],"product_cat":[8910,3957,3920,7793],"product_tag":[8823,8788],"brands":[{"id":13716,"name":"Sargent, John Singer","slug":"sargent-john-singer"}],"_links":{"self":[{"href":"https:\/\/www.caputovis.nl\/kunstkaarten\/wp-json\/wp\/v2\/product\/55713"}],"collection":[{"href":"https:\/\/www.caputovis.nl\/kunstkaarten\/wp-json\/wp\/v2\/product"}],"about":[{"href":"https:\/\/www.caputovis.nl\/kunstkaarten\/wp-json\/wp\/v2\/types\/product"}],"wp:featuredmedia":[{"embeddable":true,"href":"https:\/\/www.caputovis.nl\/kunstkaarten\/wp-json\/wp\/v2\/media\/55714"}],"wp:attachment":[{"href":"https:\/\/www.caputovis.nl\/kunstkaarten\/wp-json\/wp\/v2\/media?parent=55713"}],"wp:term":[{"taxonomy":"pwb-brand","embeddable":true,"href":"https:\/\/www.caputovis.nl\/kunstkaarten\/wp-json\/wp\/v2\/pwb-brand?post=55713"},{"taxonomy":"product_cat","embeddable":true,"href":"https:\/\/www.caputovis.nl\/kunstkaarten\/wp-json\/wp\/v2\/product_cat?post=55713"},{"taxonomy":"product_tag","embeddable":true,"href":"https:\/\/www.caputovis.nl\/kunstkaarten\/wp-json\/wp\/v2\/product_tag?post=55713"}],"curies":[{"name":"wp","href":"https:\/\/api.w.org\/{rel}","templated":true}]}}