{"id":78835,"date":"2026-04-25T19:53:07","date_gmt":"2026-04-25T17:53:07","guid":{"rendered":"https:\/\/www.caputovis.nl\/kunstkaarten\/?post_type=product&#038;p=78835"},"modified":"2026-04-25T20:15:48","modified_gmt":"2026-04-25T18:15:48","slug":"zelfportret-41","status":"publish","type":"product","link":"https:\/\/www.caputovis.nl\/kunstkaarten\/object\/zelfportret-41\/","title":{"rendered":"(zelf)Portret"},"content":{"rendered":"<p><span style=\"color: #ff6600\">Codex Manesse is de meest complete verzameling Middelhoogduitse lyrische po\u00ebzie.<\/span><\/p>\n<p><span style=\"color: #ff6600\">De Codex Manesse of het Gro\u00dfe Heidelberger Liederhandschrift is een ge\u00efllumineerd verzamelhandschrift uit ca. 1300 waaraan tot 1340 addenda zijn toegevoegd.<\/span><\/p>\n","protected":false},"excerpt":{"rendered":"<p>Codex Manesse is de meest complete verzameling Middelhoogduitse lyrische po\u00ebzie. De Codex Manesse of het Gro\u00dfe Heidelberger Liederhandschrift is een ge\u00efllumineerd verzamelhandschrift uit ca. 1300 waaraan tot 1340 addenda zijn toegevoegd.<\/p>\n","protected":false},"featured_media":78836,"template":"","meta":{"_lmt_disableupdate":"no","_lmt_disable":"no","neve_meta_sidebar":"","neve_meta_container":"","neve_meta_enable_content_width":"off","neve_meta_content_width":100,"neve_meta_title_alignment":"","neve_meta_author_avatar":"","neve_post_elements_order":"","neve_meta_disable_header":"","neve_meta_disable_footer":"","neve_meta_disable_title":"","_ti_tpc_template_sync":false,"_ti_tpc_template_id":""},"pwb-brand":[19617],"product_cat":[7677,3947,3920,3959],"product_tag":[8756,8793],"brands":[{"id":19617,"name":"Eschenbach, Wolfram von","slug":"eschenbach-wolfram-von"}],"_links":{"self":[{"href":"https:\/\/www.caputovis.nl\/kunstkaarten\/wp-json\/wp\/v2\/product\/78835"}],"collection":[{"href":"https:\/\/www.caputovis.nl\/kunstkaarten\/wp-json\/wp\/v2\/product"}],"about":[{"href":"https:\/\/www.caputovis.nl\/kunstkaarten\/wp-json\/wp\/v2\/types\/product"}],"wp:featuredmedia":[{"embeddable":true,"href":"https:\/\/www.caputovis.nl\/kunstkaarten\/wp-json\/wp\/v2\/media\/78836"}],"wp:attachment":[{"href":"https:\/\/www.caputovis.nl\/kunstkaarten\/wp-json\/wp\/v2\/media?parent=78835"}],"wp:term":[{"taxonomy":"pwb-brand","embeddable":true,"href":"https:\/\/www.caputovis.nl\/kunstkaarten\/wp-json\/wp\/v2\/pwb-brand?post=78835"},{"taxonomy":"product_cat","embeddable":true,"href":"https:\/\/www.caputovis.nl\/kunstkaarten\/wp-json\/wp\/v2\/product_cat?post=78835"},{"taxonomy":"product_tag","embeddable":true,"href":"https:\/\/www.caputovis.nl\/kunstkaarten\/wp-json\/wp\/v2\/product_tag?post=78835"}],"curies":[{"name":"wp","href":"https:\/\/api.w.org\/{rel}","templated":true}]}}